{"id":329,"date":"2022-03-06T00:23:00","date_gmt":"2022-03-05T23:23:00","guid":{"rendered":"https:\/\/courtepin.ch\/wordpress\/?page_id=329"},"modified":"2026-02-20T17:20:38","modified_gmt":"2026-02-20T16:20:38","slug":"kleinkindalter","status":"publish","type":"page","link":"https:\/\/courtepin.ch\/de\/petite-enfance\/","title":{"rendered":"Spielgruppe"},"content":{"rendered":"\t\t<div data-elementor-type=\"wp-page\" data-elementor-id=\"329\" class=\"elementor elementor-329\" data-elementor-post-type=\"page\">\n\t\t\t\t\t\t<section class=\"elementor-section elementor-top-section elementor-element elementor-element-687a2bd7 elementor-section-height-min-height elementor-section-items-top page-standard elementor-section-boxed elementor-section-height-default\" data-id=\"687a2bd7\" data-element_type=\"section\" data-e-type=\"section\" data-settings=\"{&quot;jet_parallax_layout_list&quot;:[{&quot;jet_parallax_layout_image&quot;:{&quot;url&quot;:&quot;&quot;,&quot;id&quot;:&quot;&quot;,&quot;size&quot;:&quot;&quot;},&quot;_id&quot;:&quot;0ced1f6&quot;,&quot;jet_parallax_layout_image_widescreen&quot;:{&quot;url&quot;:&quot;&quot;,&quot;id&quot;:&quot;&quot;,&quot;size&quot;:&quot;&quot;},&quot;jet_parallax_layout_image_laptop&quot;:{&quot;url&quot;:&quot;&quot;,&quot;id&quot;:&quot;&quot;,&quot;size&quot;:&quot;&quot;},&quot;jet_parallax_layout_image_tablet&quot;:{&quot;url&quot;:&quot;&quot;,&quot;id&quot;:&quot;&quot;,&quot;size&quot;:&quot;&quot;},&quot;jet_parallax_layout_image_mobile&quot;:{&quot;url&quot;:&quot;&quot;,&quot;id&quot;:&quot;&quot;,&quot;size&quot;:&quot;&quot;},&quot;jet_parallax_layout_speed&quot;:{&quot;unit&quot;:&quot;%&quot;,&quot;size&quot;:50,&quot;sizes&quot;:[]},&quot;jet_parallax_layout_type&quot;:&quot;scroll&quot;,&quot;jet_parallax_layout_direction&quot;:&quot;1&quot;,&quot;jet_parallax_layout_fx_direction&quot;:null,&quot;jet_parallax_layout_z_index&quot;:&quot;&quot;,&quot;jet_parallax_layout_bg_x&quot;:50,&quot;jet_parallax_layout_bg_x_widescreen&quot;:&quot;&quot;,&quot;jet_parallax_layout_bg_x_laptop&quot;:&quot;&quot;,&quot;jet_parallax_layout_bg_x_tablet&quot;:&quot;&quot;,&quot;jet_parallax_layout_bg_x_mobile&quot;:&quot;&quot;,&quot;jet_parallax_layout_bg_y&quot;:50,&quot;jet_parallax_layout_bg_y_widescreen&quot;:&quot;&quot;,&quot;jet_parallax_layout_bg_y_laptop&quot;:&quot;&quot;,&quot;jet_parallax_layout_bg_y_tablet&quot;:&quot;&quot;,&quot;jet_parallax_layout_bg_y_mobile&quot;:&quot;&quot;,&quot;jet_parallax_layout_bg_size&quot;:&quot;auto&quot;,&quot;jet_parallax_layout_bg_size_widescreen&quot;:&quot;&quot;,&quot;jet_parallax_layout_bg_size_laptop&quot;:&quot;&quot;,&quot;jet_parallax_layout_bg_size_tablet&quot;:&quot;&quot;,&quot;jet_parallax_layout_bg_size_mobile&quot;:&quot;&quot;,&quot;jet_parallax_layout_animation_prop&quot;:&quot;transform&quot;,&quot;jet_parallax_layout_on&quot;:[&quot;desktop&quot;,&quot;tablet&quot;]}]}\">\n\t\t\t\t\t\t<div class=\"elementor-container elementor-column-gap-default\">\n\t\t\t\t\t<div class=\"elementor-column elementor-col-50 elementor-top-column elementor-element elementor-element-4f58db25\" data-id=\"4f58db25\" data-element_type=\"column\" data-e-type=\"column\">\n\t\t\t<div class=\"elementor-widget-wrap elementor-element-populated\">\n\t\t\t\t\t\t<div class=\"elementor-element elementor-element-4a7511a elementor-widget elementor-widget-heading\" data-id=\"4a7511a\" data-element_type=\"widget\" data-e-type=\"widget\" data-widget_type=\"heading.default\">\n\t\t\t\t<div class=\"elementor-widget-container\">\n\t\t\t\t\t<h2 class=\"elementor-heading-title elementor-size-default\">Ecole maternelle \"Le petit Train\" \u00e0 Villarepos<\/h2>\t\t\t\t<\/div>\n\t\t\t\t<\/div>\n\t\t\t\t<div class=\"elementor-element elementor-element-b2d81af elementor-widget elementor-widget-text-editor\" data-id=\"b2d81af\" data-element_type=\"widget\" data-e-type=\"widget\" data-widget_type=\"text-editor.default\">\n\t\t\t\t<div class=\"elementor-widget-container\">\n\t\t\t\t\t\t\t\t\t<p>La maternelle accueille les enfants de 2 \u00e0 4 ans, les deux ann\u00e9es qui pr\u00e9c\u00e8dent l\u2019entr\u00e9e \u00e0 l\u2019\u00e9cole enfantine. Elle est ouverte chaque matin de 8h30 \u00e0 11h30 pour un groupe de 8 \u00e0 10 enfants. Les petits viennent une \u00e0 deux matin\u00e9es, les grands deux \u00e0 trois. Les dates de naissance pour la r\u00e9partition sont indiqu\u00e9es dans le formulaire d\u2019inscription. Le mardi et le vendredi sont des matin\u00e9es d\u2019initiation au suisse allemand. Les inscriptions ont lieu en mars pour une ann\u00e9e scolaire. Toutes les familles concern\u00e9es de la commune re\u00e7oivent le formulaire d\u2019inscription envoy\u00e9 au courant du mois de f\u00e9vrier.<\/p><p>Les enfants retrouvent les m\u00eames camarades et \u00e9ducatrice, favorisant des liens pr\u00e9cieux. Les locaux sont s\u00e9curis\u00e9s et adapt\u00e9s aux besoins des enfants, avec une belle place de jeux. L\u2019enfant apprendra \u00e0 quitter le cocon familial en douceur pour vivre de belles aventures sous l\u2019\u0153il bienveillant d\u2019une \u00e9ducatrice dipl\u00f4m\u00e9e.<\/p><p>L\u2019objectif est d\u2019accompagner les premi\u00e8res exp\u00e9riences en communaut\u00e9, en d\u00e9veloppant la confiance et l\u2019estime de soi \u00e0 travers des activit\u00e9s vari\u00e9es : cr\u00e9ativit\u00e9, jeu libre, d\u00e9veloppement corporel et langage. La p\u00e9dagogie Montessori permet aux enfants d\u2019exp\u00e9rimenter de fa\u00e7on autonome de nombreux ateliers mis \u00e0 disposition. Toucher, transvaser, verser, sentir, observer, mesurer, empiler, trier, \u00e9couter, go\u00fbter, s\u2019occuper des plantes, balayer, laver, la vaisselle, pr\u00e9parer le go\u00fbter.<\/p><p>\u00c0 la maternelle, l\u2019essentiel est le plaisir !<\/p>\t\t\t\t\t\t\t\t<\/div>\n\t\t\t\t<\/div>\n\t\t\t\t<div class=\"elementor-element elementor-element-b9a4de9 elementor-widget elementor-widget-image\" data-id=\"b9a4de9\" data-element_type=\"widget\" data-e-type=\"widget\" data-widget_type=\"image.default\">\n\t\t\t\t<div class=\"elementor-widget-container\">\n\t\t\t\t\t\t\t\t\t\t\t\t\t\t\t<img decoding=\"async\" width=\"768\" height=\"512\" src=\"https:\/\/courtepin.ch\/wp-content\/uploads\/2022\/04\/Maternelle_table-768x512.jpeg\" class=\"attachment-medium_large size-medium_large wp-image-1836\" alt=\"\" srcset=\"https:\/\/courtepin.ch\/wp-content\/uploads\/2022\/04\/Maternelle_table-768x512.jpeg 768w, https:\/\/courtepin.ch\/wp-content\/uploads\/2022\/04\/Maternelle_table-300x200.jpeg 300w, https:\/\/courtepin.ch\/wp-content\/uploads\/2022\/04\/Maternelle_table-1024x683.jpeg 1024w, https:\/\/courtepin.ch\/wp-content\/uploads\/2022\/04\/Maternelle_table-1536x1024.jpeg 1536w, https:\/\/courtepin.ch\/wp-content\/uploads\/2022\/04\/Maternelle_table-2048x1365.jpeg 2048w, https:\/\/courtepin.ch\/wp-content\/uploads\/2022\/04\/Maternelle_table-18x12.jpeg 18w\" sizes=\"(max-width: 768px) 100vw, 768px\" \/>\t\t\t\t\t\t\t\t\t\t\t\t\t\t\t<\/div>\n\t\t\t\t<\/div>\n\t\t\t\t<div class=\"elementor-element elementor-element-bfd39bf elementor-widget elementor-widget-image\" data-id=\"bfd39bf\" data-element_type=\"widget\" data-e-type=\"widget\" data-widget_type=\"image.default\">\n\t\t\t\t<div class=\"elementor-widget-container\">\n\t\t\t\t\t\t\t\t\t\t\t\t\t\t\t<img loading=\"lazy\" decoding=\"async\" width=\"768\" height=\"512\" src=\"https:\/\/courtepin.ch\/wp-content\/uploads\/2022\/04\/Maternelle_place_de_jeux-768x512.jpeg\" class=\"attachment-medium_large size-medium_large wp-image-1835\" alt=\"\" srcset=\"https:\/\/courtepin.ch\/wp-content\/uploads\/2022\/04\/Maternelle_place_de_jeux-768x512.jpeg 768w, https:\/\/courtepin.ch\/wp-content\/uploads\/2022\/04\/Maternelle_place_de_jeux-300x200.jpeg 300w, https:\/\/courtepin.ch\/wp-content\/uploads\/2022\/04\/Maternelle_place_de_jeux-1024x683.jpeg 1024w, https:\/\/courtepin.ch\/wp-content\/uploads\/2022\/04\/Maternelle_place_de_jeux-1536x1024.jpeg 1536w, https:\/\/courtepin.ch\/wp-content\/uploads\/2022\/04\/Maternelle_place_de_jeux-2048x1365.jpeg 2048w, https:\/\/courtepin.ch\/wp-content\/uploads\/2022\/04\/Maternelle_place_de_jeux-18x12.jpeg 18w\" sizes=\"(max-width: 768px) 100vw, 768px\" \/>\t\t\t\t\t\t\t\t\t\t\t\t\t\t\t<\/div>\n\t\t\t\t<\/div>\n\t\t\t\t\t<\/div>\n\t\t<\/div>\n\t\t\t\t<div class=\"elementor-column elementor-col-50 elementor-top-column elementor-element elementor-element-4446f91\" data-id=\"4446f91\" data-element_type=\"column\" data-e-type=\"column\">\n\t\t\t<div class=\"elementor-widget-wrap elementor-element-populated\">\n\t\t\t\t\t\t<div class=\"elementor-element elementor-element-ff49ad2 elementor-widget elementor-widget-ucaddon_acces_direct\" data-id=\"ff49ad2\" data-element_type=\"widget\" data-e-type=\"widget\" data-widget_type=\"ucaddon_acces_direct.default\">\n\t\t\t\t<div class=\"elementor-widget-container\">\n\t\t\t\t\t\n<!-- start Liens et Text encadr\u00e9 -->\n<style>\/* widget: Liens et Text encadr\u00e9 *\/\n\nz\n\n<\/style>\n\n<div class=\"item-wrap col-1\"><a class=\"item \" href=\"https:\/\/courtepin.ch\/wp-content\/uploads\/2024\/02\/20240215083944154_Rglement-de-la-Maternelle.pdf\"> \n  <h3>R\u00e8glement communal de la maternelle Le Petit Train<\/h3>\n  <i class=\"icon-pdf far fa-file-pdf\"><\/i>\n  <i class=\"icon-xlsx far fa-file-excel\"><\/i>\n  <i class=\"icon-docx far fa-file-word\"><\/i>\n  <i class=\"icon-form fas fa-edit\"><\/i>\n  <i class=\"icon-extern fas fa-external-link-alt\"><\/i>\n<\/a>\n<a class=\"item \" href=\"https:\/\/courtepin.ch\/wp-content\/uploads\/2026\/02\/inscription_fr.pdf\"> \n  <h3>Formulaire inscription 2026 - 2027<\/h3>\n  <i class=\"icon-pdf far fa-file-pdf\"><\/i>\n  <i class=\"icon-xlsx far fa-file-excel\"><\/i>\n  <i class=\"icon-docx far fa-file-word\"><\/i>\n  <i class=\"icon-form fas fa-edit\"><\/i>\n  <i class=\"icon-extern fas fa-external-link-alt\"><\/i>\n<\/a>\n<\/div>\n<!-- end Liens et Text encadr\u00e9 -->\t\t\t\t<\/div>\n\t\t\t\t<\/div>\n\t\t\t\t\t<\/div>\n\t\t<\/div>\n\t\t\t\t\t<\/div>\n\t\t<\/section>\n\t\t\t\t<\/div>\n\t\t","protected":false},"excerpt":{"rendered":"<p>Ecole maternelle \u00ab\u00a0Le petit Train\u00a0\u00bb \u00e0 Villarepos La maternelle accueille les enfants de 2 \u00e0 4 ans, les deux ann\u00e9es qui pr\u00e9c\u00e8dent l\u2019entr\u00e9e \u00e0 l\u2019\u00e9cole enfantine. Elle est ouverte chaque matin de 8h30 \u00e0 11h30 pour un groupe de 8 \u00e0 10 enfants. Les petits viennent une \u00e0 deux matin\u00e9es, les grands deux \u00e0 trois. [&hellip;]<\/p>\n","protected":false},"author":2,"featured_media":0,"parent":0,"menu_order":0,"comment_status":"closed","ping_status":"closed","template":"","meta":{"_acf_changed":false},"class_list":["post-329","page","type-page","status-publish","hentry","domaine-enfance-formation"],"acf":[],"publishpress_future_workflow_manual_trigger":{"enabledWorkflows":[]},"_links":{"self":[{"href":"https:\/\/courtepin.ch\/de\/wp-json\/wp\/v2\/pages\/329","targetHints":{"allow":["GET"]}}],"collection":[{"href":"https:\/\/courtepin.ch\/de\/wp-json\/wp\/v2\/pages"}],"about":[{"href":"https:\/\/courtepin.ch\/de\/wp-json\/wp\/v2\/types\/page"}],"author":[{"embeddable":true,"href":"https:\/\/courtepin.ch\/de\/wp-json\/wp\/v2\/users\/2"}],"replies":[{"embeddable":true,"href":"https:\/\/courtepin.ch\/de\/wp-json\/wp\/v2\/comments?post=329"}],"version-history":[{"count":121,"href":"https:\/\/courtepin.ch\/de\/wp-json\/wp\/v2\/pages\/329\/revisions"}],"predecessor-version":[{"id":12571,"href":"https:\/\/courtepin.ch\/de\/wp-json\/wp\/v2\/pages\/329\/revisions\/12571"}],"wp:attachment":[{"href":"https:\/\/courtepin.ch\/de\/wp-json\/wp\/v2\/media?parent=329"}],"curies":[{"name":"wp","href":"https:\/\/api.w.org\/{rel}","templated":true}]}}

<div data-elementor-type="wp-page" data-elementor-id="329" class="elementor elementor-329" data-elementor-post-type="page">
						<section class="elementor-section elementor-top-section elementor-element elementor-element-687a2bd7 elementor-section-height-min-height elementor-section-items-top page-standard elementor-section-boxed elementor-section-height-default" data-id="687a2bd7" data-element_type="section" data-e-type="section" data-settings="{&quot;jet_parallax_layout_list&quot;:[{&quot;jet_parallax_layout_image&quot;:{&quot;url&quot;:&quot;&quot;,&quot;id&quot;:&quot;&quot;,&quot;size&quot;:&quot;&quot;},&quot;_id&quot;:&quot;0ced1f6&quot;,&quot;jet_parallax_layout_image_widescreen&quot;:{&quot;url&quot;:&quot;&quot;,&quot;id&quot;:&quot;&quot;,&quot;size&quot;:&quot;&quot;},&quot;jet_parallax_layout_image_laptop&quot;:{&quot;url&quot;:&quot;&quot;,&quot;id&quot;:&quot;&quot;,&quot;size&quot;:&quot;&quot;},&quot;jet_parallax_layout_image_tablet&quot;:{&quot;url&quot;:&quot;&quot;,&quot;id&quot;:&quot;&quot;,&quot;size&quot;:&quot;&quot;},&quot;jet_parallax_layout_image_mobile&quot;:{&quot;url&quot;:&quot;&quot;,&quot;id&quot;:&quot;&quot;,&quot;size&quot;:&quot;&quot;},&quot;jet_parallax_layout_speed&quot;:{&quot;unit&quot;:&quot;%&quot;,&quot;size&quot;:50,&quot;sizes&quot;:[]},&quot;jet_parallax_layout_type&quot;:&quot;scroll&quot;,&quot;jet_parallax_layout_direction&quot;:&quot;1&quot;,&quot;jet_parallax_layout_fx_direction&quot;:null,&quot;jet_parallax_layout_z_index&quot;:&quot;&quot;,&quot;jet_parallax_layout_bg_x&quot;:50,&quot;jet_parallax_layout_bg_x_widescreen&quot;:&quot;&quot;,&quot;jet_parallax_layout_bg_x_laptop&quot;:&quot;&quot;,&quot;jet_parallax_layout_bg_x_tablet&quot;:&quot;&quot;,&quot;jet_parallax_layout_bg_x_mobile&quot;:&quot;&quot;,&quot;jet_parallax_layout_bg_y&quot;:50,&quot;jet_parallax_layout_bg_y_widescreen&quot;:&quot;&quot;,&quot;jet_parallax_layout_bg_y_laptop&quot;:&quot;&quot;,&quot;jet_parallax_layout_bg_y_tablet&quot;:&quot;&quot;,&quot;jet_parallax_layout_bg_y_mobile&quot;:&quot;&quot;,&quot;jet_parallax_layout_bg_size&quot;:&quot;auto&quot;,&quot;jet_parallax_layout_bg_size_widescreen&quot;:&quot;&quot;,&quot;jet_parallax_layout_bg_size_laptop&quot;:&quot;&quot;,&quot;jet_parallax_layout_bg_size_tablet&quot;:&quot;&quot;,&quot;jet_parallax_layout_bg_size_mobile&quot;:&quot;&quot;,&quot;jet_parallax_layout_animation_prop&quot;:&quot;transform&quot;,&quot;jet_parallax_layout_on&quot;:[&quot;desktop&quot;,&quot;tablet&quot;]}]}">
						<div class="elementor-container elementor-column-gap-default">
					<div class="elementor-column elementor-col-50 elementor-top-column elementor-element elementor-element-4f58db25" data-id="4f58db25" data-element_type="column" data-e-type="column">
			<div class="elementor-widget-wrap elementor-element-populated">
						<div class="elementor-element elementor-element-4a7511a elementor-widget elementor-widget-heading" data-id="4a7511a" data-element_type="widget" data-e-type="widget" data-widget_type="heading.default">
				<div class="elementor-widget-container">
					<h2 class="elementor-heading-title elementor-size-default">Ecole maternelle "Le petit Train" à Villarepos</h2>				</div>
				</div>
				<div class="elementor-element elementor-element-b2d81af elementor-widget elementor-widget-text-editor" data-id="b2d81af" data-element_type="widget" data-e-type="widget" data-widget_type="text-editor.default">
				<div class="elementor-widget-container">
									<p>La maternelle accueille les enfants de 2 à 4 ans, les deux années qui précèdent l’entrée à l’école enfantine. Elle est ouverte chaque matin de 8h30 à 11h30 pour un groupe de 8 à 10 enfants. Les petits viennent une à deux matinées, les grands deux à trois. Les dates de naissance pour la répartition sont indiquées dans le formulaire d’inscription. Le mardi et le vendredi sont des matinées d’initiation au suisse allemand. Les inscriptions ont lieu en mars pour une année scolaire. Toutes les familles concernées de la commune reçoivent le formulaire d’inscription envoyé au courant du mois de février.</p><p>Les enfants retrouvent les mêmes camarades et éducatrice, favorisant des liens précieux. Les locaux sont sécurisés et adaptés aux besoins des enfants, avec une belle place de jeux. L’enfant apprendra à quitter le cocon familial en douceur pour vivre de belles aventures sous l’œil bienveillant d’une éducatrice diplômée.</p><p>L’objectif est d’accompagner les premières expériences en communauté, en développant la confiance et l’estime de soi à travers des activités variées : créativité, jeu libre, développement corporel et langage. La pédagogie Montessori permet aux enfants d’expérimenter de façon autonome de nombreux ateliers mis à disposition. Toucher, transvaser, verser, sentir, observer, mesurer, empiler, trier, écouter, goûter, s’occuper des plantes, balayer, laver, la vaisselle, préparer le goûter.</p><p>À la maternelle, l’essentiel est le plaisir !</p>								</div>
				</div>
				<div class="elementor-element elementor-element-b9a4de9 elementor-widget elementor-widget-image" data-id="b9a4de9" data-element_type="widget" data-e-type="widget" data-widget_type="image.default">
				<div class="elementor-widget-container">
															<img decoding="async" width="768" height="512" src="https://courtepin.ch/wp-content/uploads/2022/04/Maternelle_table-768x512.jpeg" class="attachment-medium_large size-medium_large wp-image-1836" alt="" srcset="https://courtepin.ch/wp-content/uploads/2022/04/Maternelle_table-768x512.jpeg 768w, https://courtepin.ch/wp-content/uploads/2022/04/Maternelle_table-300x200.jpeg 300w, https://courtepin.ch/wp-content/uploads/2022/04/Maternelle_table-1024x683.jpeg 1024w, https://courtepin.ch/wp-content/uploads/2022/04/Maternelle_table-1536x1024.jpeg 1536w, https://courtepin.ch/wp-content/uploads/2022/04/Maternelle_table-2048x1365.jpeg 2048w, https://courtepin.ch/wp-content/uploads/2022/04/Maternelle_table-18x12.jpeg 18w" sizes="(max-width: 768px) 100vw, 768px" />															</div>
				</div>
				<div class="elementor-element elementor-element-bfd39bf elementor-widget elementor-widget-image" data-id="bfd39bf" data-element_type="widget" data-e-type="widget" data-widget_type="image.default">
				<div class="elementor-widget-container">
															<img loading="lazy" decoding="async" width="768" height="512" src="https://courtepin.ch/wp-content/uploads/2022/04/Maternelle_place_de_jeux-768x512.jpeg" class="attachment-medium_large size-medium_large wp-image-1835" alt="" srcset="https://courtepin.ch/wp-content/uploads/2022/04/Maternelle_place_de_jeux-768x512.jpeg 768w, https://courtepin.ch/wp-content/uploads/2022/04/Maternelle_place_de_jeux-300x200.jpeg 300w, https://courtepin.ch/wp-content/uploads/2022/04/Maternelle_place_de_jeux-1024x683.jpeg 1024w, https://courtepin.ch/wp-content/uploads/2022/04/Maternelle_place_de_jeux-1536x1024.jpeg 1536w, https://courtepin.ch/wp-content/uploads/2022/04/Maternelle_place_de_jeux-2048x1365.jpeg 2048w, https://courtepin.ch/wp-content/uploads/2022/04/Maternelle_place_de_jeux-18x12.jpeg 18w" sizes="(max-width: 768px) 100vw, 768px" />															</div>
				</div>
					</div>
		</div>
				<div class="elementor-column elementor-col-50 elementor-top-column elementor-element elementor-element-4446f91" data-id="4446f91" data-element_type="column" data-e-type="column">
			<div class="elementor-widget-wrap elementor-element-populated">
						<div class="elementor-element elementor-element-ff49ad2 elementor-widget elementor-widget-ucaddon_acces_direct" data-id="ff49ad2" data-element_type="widget" data-e-type="widget" data-widget_type="ucaddon_acces_direct.default">
				<div class="elementor-widget-container">
					
<!-- start Liens et Text encadré -->
<style>/* widget: Liens et Text encadré */

z

</style>

<div class="item-wrap col-1"><a class="item " href="https://courtepin.ch/wp-content/uploads/2024/02/20240215083944154_Rglement-de-la-Maternelle.pdf"> 
  <h3>Règlement communal de la maternelle Le Petit Train</h3>
  <i class="icon-pdf far fa-file-pdf"></i>
  <i class="icon-xlsx far fa-file-excel"></i>
  <i class="icon-docx far fa-file-word"></i>
  <i class="icon-form fas fa-edit"></i>
  <i class="icon-extern fas fa-external-link-alt"></i>
</a>
<a class="item " href="https://courtepin.ch/wp-content/uploads/2026/02/inscription_fr.pdf"> 
  <h3>Formulaire inscription 2026 - 2027</h3>
  <i class="icon-pdf far fa-file-pdf"></i>
  <i class="icon-xlsx far fa-file-excel"></i>
  <i class="icon-docx far fa-file-word"></i>
  <i class="icon-form fas fa-edit"></i>
  <i class="icon-extern fas fa-external-link-alt"></i>
</a>
</div>
<!-- end Liens et Text encadré -->				</div>
				</div>
					</div>
		</div>
					</div>
		</section>
				</div>

<p>Ecole maternelle « Le petit Train » à Villarepos La maternelle accueille les enfants de 2 à 4 ans, les deux années qui précèdent l’entrée à l’école enfantine. Elle est ouverte chaque matin de 8h30 à 11h30 pour un groupe de 8 à 10 enfants. Les petits viennent une à deux matinées, les grands deux à trois. [&hellip;]</p>
