{"id":345,"date":"2022-03-06T00:24:32","date_gmt":"2022-03-05T23:24:32","guid":{"rendered":"https:\/\/courtepin.ch\/wordpress\/?page_id=345"},"modified":"2024-07-23T08:30:20","modified_gmt":"2024-07-23T06:30:20","slug":"gesundheitsnetzwerk-see","status":"publish","type":"page","link":"https:\/\/courtepin.ch\/de\/reseau-sante-lac\/","title":{"rendered":"Gesundheitsnetz See"},"content":{"rendered":"\t\t<div data-elementor-type=\"wp-page\" data-elementor-id=\"345\" class=\"elementor elementor-345\" data-elementor-post-type=\"page\">\n\t\t\t\t\t\t<section class=\"elementor-section elementor-top-section elementor-element elementor-element-7f5d7dc7 elementor-section-height-min-height elementor-section-items-top page-standard elementor-section-boxed elementor-section-height-default\" data-id=\"7f5d7dc7\" data-element_type=\"section\" data-e-type=\"section\" data-settings=\"{&quot;jet_parallax_layout_list&quot;:[{&quot;jet_parallax_layout_image&quot;:{&quot;url&quot;:&quot;&quot;,&quot;id&quot;:&quot;&quot;,&quot;size&quot;:&quot;&quot;},&quot;_id&quot;:&quot;0ced1f6&quot;,&quot;jet_parallax_layout_image_widescreen&quot;:{&quot;url&quot;:&quot;&quot;,&quot;id&quot;:&quot;&quot;,&quot;size&quot;:&quot;&quot;},&quot;jet_parallax_layout_image_laptop&quot;:{&quot;url&quot;:&quot;&quot;,&quot;id&quot;:&quot;&quot;,&quot;size&quot;:&quot;&quot;},&quot;jet_parallax_layout_image_tablet&quot;:{&quot;url&quot;:&quot;&quot;,&quot;id&quot;:&quot;&quot;,&quot;size&quot;:&quot;&quot;},&quot;jet_parallax_layout_image_mobile&quot;:{&quot;url&quot;:&quot;&quot;,&quot;id&quot;:&quot;&quot;,&quot;size&quot;:&quot;&quot;},&quot;jet_parallax_layout_speed&quot;:{&quot;unit&quot;:&quot;%&quot;,&quot;size&quot;:50,&quot;sizes&quot;:[]},&quot;jet_parallax_layout_type&quot;:&quot;scroll&quot;,&quot;jet_parallax_layout_direction&quot;:&quot;1&quot;,&quot;jet_parallax_layout_fx_direction&quot;:null,&quot;jet_parallax_layout_z_index&quot;:&quot;&quot;,&quot;jet_parallax_layout_bg_x&quot;:50,&quot;jet_parallax_layout_bg_x_widescreen&quot;:&quot;&quot;,&quot;jet_parallax_layout_bg_x_laptop&quot;:&quot;&quot;,&quot;jet_parallax_layout_bg_x_tablet&quot;:&quot;&quot;,&quot;jet_parallax_layout_bg_x_mobile&quot;:&quot;&quot;,&quot;jet_parallax_layout_bg_y&quot;:50,&quot;jet_parallax_layout_bg_y_widescreen&quot;:&quot;&quot;,&quot;jet_parallax_layout_bg_y_laptop&quot;:&quot;&quot;,&quot;jet_parallax_layout_bg_y_tablet&quot;:&quot;&quot;,&quot;jet_parallax_layout_bg_y_mobile&quot;:&quot;&quot;,&quot;jet_parallax_layout_bg_size&quot;:&quot;auto&quot;,&quot;jet_parallax_layout_bg_size_widescreen&quot;:&quot;&quot;,&quot;jet_parallax_layout_bg_size_laptop&quot;:&quot;&quot;,&quot;jet_parallax_layout_bg_size_tablet&quot;:&quot;&quot;,&quot;jet_parallax_layout_bg_size_mobile&quot;:&quot;&quot;,&quot;jet_parallax_layout_animation_prop&quot;:&quot;transform&quot;,&quot;jet_parallax_layout_on&quot;:[&quot;desktop&quot;,&quot;tablet&quot;]}]}\">\n\t\t\t\t\t\t<div class=\"elementor-container elementor-column-gap-default\">\n\t\t\t\t\t<div class=\"elementor-column elementor-col-50 elementor-top-column elementor-element elementor-element-60e6afad\" data-id=\"60e6afad\" data-element_type=\"column\" data-e-type=\"column\">\n\t\t\t<div class=\"elementor-widget-wrap elementor-element-populated\">\n\t\t\t\t\t\t<div class=\"elementor-element elementor-element-7567e80e elementor-widget elementor-widget-text-editor\" data-id=\"7567e80e\" data-element_type=\"widget\" data-e-type=\"widget\" data-widget_type=\"text-editor.default\">\n\t\t\t\t<div class=\"elementor-widget-container\">\n\t\t\t\t\t\t\t\t\t<p>Depuis le 1er janvier 2009, les communes du district ont mis en place le R\u00e9seau de sant\u00e9 du district du Lac (RSL), qui rassemble dans une m\u00eame structure tous les \u00e9tablissements m\u00e9dicosociaux du district, \u00e0 savoir Meyriez-Morat, Courtepin, Chi\u00e8tres, Jeuss et Sugiez, les services \u00e0 domicile (Spitex), ainsi que le centre de pu\u00e9riculture.<\/p><p>L&rsquo;association du\u00a0<a href=\"https:\/\/www.rsl-gns.ch\/EMS\/Home-St-Francois\/PGFgw\/?lang=fr\" target=\"_blank\" rel=\"noopener\">home m\u00e9dicalis\u00e9 St-Fran\u00e7ois<\/a> \u00e0 Courtepin, a \u00e9t\u00e9 dissoute et ses t\u00e2ches ont \u00e9t\u00e9 reprises par le RSL. Mais le home St-Fran\u00e7ois fond\u00e9 en 1983 par les communes du Haut-Lac poursuit ses activit\u00e9s comme auparavant.<\/p>\t\t\t\t\t\t\t\t<\/div>\n\t\t\t\t<\/div>\n\t\t\t\t<div class=\"elementor-element elementor-element-b114335 elementor-widget elementor-widget-heading\" data-id=\"b114335\" data-element_type=\"widget\" data-e-type=\"widget\" data-widget_type=\"heading.default\">\n\t\t\t\t<div class=\"elementor-widget-container\">\n\t\t\t\t\t<h3 class=\"elementor-heading-title elementor-size-default\">Centre de coordination du RSL<\/h3>\t\t\t\t<\/div>\n\t\t\t\t<\/div>\n\t\t\t\t<div class=\"elementor-element elementor-element-d7e1e8d elementor-widget elementor-widget-text-editor\" data-id=\"d7e1e8d\" data-element_type=\"widget\" data-e-type=\"widget\" data-widget_type=\"text-editor.default\">\n\t\t\t\t<div class=\"elementor-widget-container\">\n\t\t\t\t\t\t\t\t\t<p>Le <a href=\"https:\/\/www.rsl-gns.ch\/Centre-de-coordination\/PKlE5\/\" target=\"_blank\" rel=\"noopener\">centre de coordination<\/a> du R\u00e9seau de sant\u00e9 du district du Lac informe par t\u00e9l\u00e9phone, par courrier \u00e9lectronique ou par le biais de son site Internet, des services existants dans le domaine de la sant\u00e9 et des soins \u00e0 domicile. Il relie les diff\u00e9rents acteurs et coordonne les offres.<\/p>\t\t\t\t\t\t\t\t<\/div>\n\t\t\t\t<\/div>\n\t\t\t\t<div class=\"elementor-element elementor-element-34b649f elementor-widget elementor-widget-heading\" data-id=\"34b649f\" data-element_type=\"widget\" data-e-type=\"widget\" data-widget_type=\"heading.default\">\n\t\t\t\t<div class=\"elementor-widget-container\">\n\t\t\t\t\t<h3 class=\"elementor-heading-title elementor-size-default\">Association pour l'aide et les soins \u00e0 domicile (Spitex)<\/h3>\t\t\t\t<\/div>\n\t\t\t\t<\/div>\n\t\t\t\t<div class=\"elementor-element elementor-element-a61b13e elementor-widget elementor-widget-ucaddon_box\" data-id=\"a61b13e\" data-element_type=\"widget\" data-e-type=\"widget\" data-widget_type=\"ucaddon_box.default\">\n\t\t\t\t<div class=\"elementor-widget-container\">\n\t\t\t\t\t\n<!-- start Box -->\n\n<div class=\"content-box small-clip\">\n  <h3><strong>Contact<\/strong><\/h3><p>Centre de coordination<br \/>Rue de l'H\u00f4pital 36<br \/>3280 Morat<br \/>Du lundi au vendredi de 08h00 \u00e0 12h00<br \/>T\u00e9l. 026 672 34 00<\/p>\n<\/div>\n<!-- end Box -->\t\t\t\t<\/div>\n\t\t\t\t<\/div>\n\t\t\t\t<div class=\"elementor-element elementor-element-30cd35f elementor-widget elementor-widget-text-editor\" data-id=\"30cd35f\" data-element_type=\"widget\" data-e-type=\"widget\" data-widget_type=\"text-editor.default\">\n\t\t\t\t<div class=\"elementor-widget-container\">\n\t\t\t\t\t\t\t\t\t<p>Les services <a href=\"https:\/\/www.spitex-see-lac.ch\/Home\/PN9Rt\/?lang=fr\" target=\"_blank\" rel=\"noopener\">Spitex<\/a> offrent une vari\u00e9t\u00e9 de prestations de base et de traitement, un soutien psychosocial et une aide \u00e0 domicile. Gr\u00e2ce \u00e0 une location de proximit\u00e9 \u00e0 Courtepin, Chi\u00e8tres, Cormondes et Morat, ils sont proches 365 jours par an des personnes de tout \u00e2ge, confront\u00e9es\u00a0 des difficult\u00e9s li\u00e9es \u00e0 une maladie physique ou psychique, \u00e0 un accident, \u00e0 une hospitalisation, au vieillissement ou \u00e0 une situation de crise. L&rsquo;objectif est de r\u00e9duire la dur\u00e9e du s\u00e9jour \u00e0 l&rsquo;h\u00f4pital, retarder ou \u00e9viter l&rsquo;entr\u00e9e en milieu institutionnel, accompagner et soutenir les personnes en difficult\u00e9.<\/p>\t\t\t\t\t\t\t\t<\/div>\n\t\t\t\t<\/div>\n\t\t\t\t<div class=\"elementor-element elementor-element-93ac86a elementor-widget elementor-widget-ucaddon_box\" data-id=\"93ac86a\" data-element_type=\"widget\" data-e-type=\"widget\" data-widget_type=\"ucaddon_box.default\">\n\t\t\t\t<div class=\"elementor-widget-container\">\n\t\t\t\t\t\n<!-- start Box -->\n\n<div class=\"content-box small-clip\">\n  <h3><strong>Contact<\/strong><\/h3><p>T\u00e9l. 026 672 34 00<br \/>Courriel : spitex@rsl-gns.ch<\/p>\n<\/div>\n<!-- end Box -->\t\t\t\t<\/div>\n\t\t\t\t<\/div>\n\t\t\t\t\t<\/div>\n\t\t<\/div>\n\t\t\t\t<div class=\"elementor-column elementor-col-50 elementor-top-column elementor-element elementor-element-7af43a2a\" data-id=\"7af43a2a\" data-element_type=\"column\" data-e-type=\"column\">\n\t\t\t<div class=\"elementor-widget-wrap elementor-element-populated\">\n\t\t\t\t\t\t<div class=\"elementor-element elementor-element-7d98dab elementor-widget elementor-widget-image\" data-id=\"7d98dab\" data-element_type=\"widget\" data-e-type=\"widget\" data-widget_type=\"image.default\">\n\t\t\t\t<div class=\"elementor-widget-container\">\n\t\t\t\t\t\t\t\t\t\t\t\t\t\t\t<img decoding=\"async\" src=\"https:\/\/courtepin.ch\/wp-content\/uploads\/2024\/07\/20240723_RSL_portes_ouvertes_FR.png\" title=\"\" alt=\"\" loading=\"lazy\" \/>\t\t\t\t\t\t\t\t\t\t\t\t\t\t\t<\/div>\n\t\t\t\t<\/div>\n\t\t\t\t\t<\/div>\n\t\t<\/div>\n\t\t\t\t\t<\/div>\n\t\t<\/section>\n\t\t\t\t<\/div>\n\t\t","protected":false},"excerpt":{"rendered":"<p>Depuis le 1er janvier 2009, les communes du district ont mis en place le R\u00e9seau de sant\u00e9 du district du Lac (RSL), qui rassemble dans une m\u00eame structure tous les \u00e9tablissements m\u00e9dicosociaux du district, \u00e0 savoir Meyriez-Morat, Courtepin, Chi\u00e8tres, Jeuss et Sugiez, les services \u00e0 domicile (Spitex), ainsi que le centre de pu\u00e9riculture. L&rsquo;association du\u00a0home [&hellip;]<\/p>\n","protected":false},"author":2,"featured_media":0,"parent":0,"menu_order":0,"comment_status":"closed","ping_status":"closed","template":"","meta":{"_acf_changed":false},"class_list":["post-345","page","type-page","status-publish","hentry","domaine-sante-social"],"acf":[],"publishpress_future_workflow_manual_trigger":{"enabledWorkflows":[]},"_links":{"self":[{"href":"https:\/\/courtepin.ch\/de\/wp-json\/wp\/v2\/pages\/345","targetHints":{"allow":["GET"]}}],"collection":[{"href":"https:\/\/courtepin.ch\/de\/wp-json\/wp\/v2\/pages"}],"about":[{"href":"https:\/\/courtepin.ch\/de\/wp-json\/wp\/v2\/types\/page"}],"author":[{"embeddable":true,"href":"https:\/\/courtepin.ch\/de\/wp-json\/wp\/v2\/users\/2"}],"replies":[{"embeddable":true,"href":"https:\/\/courtepin.ch\/de\/wp-json\/wp\/v2\/comments?post=345"}],"version-history":[{"count":73,"href":"https:\/\/courtepin.ch\/de\/wp-json\/wp\/v2\/pages\/345\/revisions"}],"predecessor-version":[{"id":8979,"href":"https:\/\/courtepin.ch\/de\/wp-json\/wp\/v2\/pages\/345\/revisions\/8979"}],"wp:attachment":[{"href":"https:\/\/courtepin.ch\/de\/wp-json\/wp\/v2\/media?parent=345"}],"curies":[{"name":"wp","href":"https:\/\/api.w.org\/{rel}","templated":true}]}}

<div data-elementor-type="wp-page" data-elementor-id="345" class="elementor elementor-345" data-elementor-post-type="page">
						<section class="elementor-section elementor-top-section elementor-element elementor-element-7f5d7dc7 elementor-section-height-min-height elementor-section-items-top page-standard elementor-section-boxed elementor-section-height-default" data-id="7f5d7dc7" data-element_type="section" data-e-type="section" data-settings="{&quot;jet_parallax_layout_list&quot;:[{&quot;jet_parallax_layout_image&quot;:{&quot;url&quot;:&quot;&quot;,&quot;id&quot;:&quot;&quot;,&quot;size&quot;:&quot;&quot;},&quot;_id&quot;:&quot;0ced1f6&quot;,&quot;jet_parallax_layout_image_widescreen&quot;:{&quot;url&quot;:&quot;&quot;,&quot;id&quot;:&quot;&quot;,&quot;size&quot;:&quot;&quot;},&quot;jet_parallax_layout_image_laptop&quot;:{&quot;url&quot;:&quot;&quot;,&quot;id&quot;:&quot;&quot;,&quot;size&quot;:&quot;&quot;},&quot;jet_parallax_layout_image_tablet&quot;:{&quot;url&quot;:&quot;&quot;,&quot;id&quot;:&quot;&quot;,&quot;size&quot;:&quot;&quot;},&quot;jet_parallax_layout_image_mobile&quot;:{&quot;url&quot;:&quot;&quot;,&quot;id&quot;:&quot;&quot;,&quot;size&quot;:&quot;&quot;},&quot;jet_parallax_layout_speed&quot;:{&quot;unit&quot;:&quot;%&quot;,&quot;size&quot;:50,&quot;sizes&quot;:[]},&quot;jet_parallax_layout_type&quot;:&quot;scroll&quot;,&quot;jet_parallax_layout_direction&quot;:&quot;1&quot;,&quot;jet_parallax_layout_fx_direction&quot;:null,&quot;jet_parallax_layout_z_index&quot;:&quot;&quot;,&quot;jet_parallax_layout_bg_x&quot;:50,&quot;jet_parallax_layout_bg_x_widescreen&quot;:&quot;&quot;,&quot;jet_parallax_layout_bg_x_laptop&quot;:&quot;&quot;,&quot;jet_parallax_layout_bg_x_tablet&quot;:&quot;&quot;,&quot;jet_parallax_layout_bg_x_mobile&quot;:&quot;&quot;,&quot;jet_parallax_layout_bg_y&quot;:50,&quot;jet_parallax_layout_bg_y_widescreen&quot;:&quot;&quot;,&quot;jet_parallax_layout_bg_y_laptop&quot;:&quot;&quot;,&quot;jet_parallax_layout_bg_y_tablet&quot;:&quot;&quot;,&quot;jet_parallax_layout_bg_y_mobile&quot;:&quot;&quot;,&quot;jet_parallax_layout_bg_size&quot;:&quot;auto&quot;,&quot;jet_parallax_layout_bg_size_widescreen&quot;:&quot;&quot;,&quot;jet_parallax_layout_bg_size_laptop&quot;:&quot;&quot;,&quot;jet_parallax_layout_bg_size_tablet&quot;:&quot;&quot;,&quot;jet_parallax_layout_bg_size_mobile&quot;:&quot;&quot;,&quot;jet_parallax_layout_animation_prop&quot;:&quot;transform&quot;,&quot;jet_parallax_layout_on&quot;:[&quot;desktop&quot;,&quot;tablet&quot;]}]}">
						<div class="elementor-container elementor-column-gap-default">
					<div class="elementor-column elementor-col-50 elementor-top-column elementor-element elementor-element-60e6afad" data-id="60e6afad" data-element_type="column" data-e-type="column">
			<div class="elementor-widget-wrap elementor-element-populated">
						<div class="elementor-element elementor-element-7567e80e elementor-widget elementor-widget-text-editor" data-id="7567e80e" data-element_type="widget" data-e-type="widget" data-widget_type="text-editor.default">
				<div class="elementor-widget-container">
									<p>Depuis le 1er janvier 2009, les communes du district ont mis en place le Réseau de santé du district du Lac (RSL), qui rassemble dans une même structure tous les établissements médicosociaux du district, à savoir Meyriez-Morat, Courtepin, Chiètres, Jeuss et Sugiez, les services à domicile (Spitex), ainsi que le centre de puériculture.</p><p>L&rsquo;association du <a href="https://www.rsl-gns.ch/EMS/Home-St-Francois/PGFgw/?lang=fr" target="_blank" rel="noopener">home médicalisé St-François</a> à Courtepin, a été dissoute et ses tâches ont été reprises par le RSL. Mais le home St-François fondé en 1983 par les communes du Haut-Lac poursuit ses activités comme auparavant.</p>								</div>
				</div>
				<div class="elementor-element elementor-element-b114335 elementor-widget elementor-widget-heading" data-id="b114335" data-element_type="widget" data-e-type="widget" data-widget_type="heading.default">
				<div class="elementor-widget-container">
					<h3 class="elementor-heading-title elementor-size-default">Centre de coordination du RSL</h3>				</div>
				</div>
				<div class="elementor-element elementor-element-d7e1e8d elementor-widget elementor-widget-text-editor" data-id="d7e1e8d" data-element_type="widget" data-e-type="widget" data-widget_type="text-editor.default">
				<div class="elementor-widget-container">
									<p>Le <a href="https://www.rsl-gns.ch/Centre-de-coordination/PKlE5/" target="_blank" rel="noopener">centre de coordination</a> du Réseau de santé du district du Lac informe par téléphone, par courrier électronique ou par le biais de son site Internet, des services existants dans le domaine de la santé et des soins à domicile. Il relie les différents acteurs et coordonne les offres.</p>								</div>
				</div>
				<div class="elementor-element elementor-element-34b649f elementor-widget elementor-widget-heading" data-id="34b649f" data-element_type="widget" data-e-type="widget" data-widget_type="heading.default">
				<div class="elementor-widget-container">
					<h3 class="elementor-heading-title elementor-size-default">Association pour l'aide et les soins à domicile (Spitex)</h3>				</div>
				</div>
				<div class="elementor-element elementor-element-a61b13e elementor-widget elementor-widget-ucaddon_box" data-id="a61b13e" data-element_type="widget" data-e-type="widget" data-widget_type="ucaddon_box.default">
				<div class="elementor-widget-container">
					
<!-- start Box -->

<div class="content-box small-clip">
  <h3><strong>Contact</strong></h3><p>Centre de coordination<br />Rue de l'Hôpital 36<br />3280 Morat<br />Du lundi au vendredi de 08h00 à 12h00<br />Tél. 026 672 34 00</p>
</div>
<!-- end Box -->				</div>
				</div>
				<div class="elementor-element elementor-element-30cd35f elementor-widget elementor-widget-text-editor" data-id="30cd35f" data-element_type="widget" data-e-type="widget" data-widget_type="text-editor.default">
				<div class="elementor-widget-container">
									<p>Les services <a href="https://www.spitex-see-lac.ch/Home/PN9Rt/?lang=fr" target="_blank" rel="noopener">Spitex</a> offrent une variété de prestations de base et de traitement, un soutien psychosocial et une aide à domicile. Grâce à une location de proximité à Courtepin, Chiètres, Cormondes et Morat, ils sont proches 365 jours par an des personnes de tout âge, confrontées  des difficultés liées à une maladie physique ou psychique, à un accident, à une hospitalisation, au vieillissement ou à une situation de crise. L&rsquo;objectif est de réduire la durée du séjour à l&rsquo;hôpital, retarder ou éviter l&rsquo;entrée en milieu institutionnel, accompagner et soutenir les personnes en difficulté.</p>								</div>
				</div>
				<div class="elementor-element elementor-element-93ac86a elementor-widget elementor-widget-ucaddon_box" data-id="93ac86a" data-element_type="widget" data-e-type="widget" data-widget_type="ucaddon_box.default">
				<div class="elementor-widget-container">
					
<!-- start Box -->

<div class="content-box small-clip">
  <h3><strong>Contact</strong></h3><p>Tél. 026 672 34 00<br />Courriel : spitex@rsl-gns.ch</p>
</div>
<!-- end Box -->				</div>
				</div>
					</div>
		</div>
				<div class="elementor-column elementor-col-50 elementor-top-column elementor-element elementor-element-7af43a2a" data-id="7af43a2a" data-element_type="column" data-e-type="column">
			<div class="elementor-widget-wrap elementor-element-populated">
						<div class="elementor-element elementor-element-7d98dab elementor-widget elementor-widget-image" data-id="7d98dab" data-element_type="widget" data-e-type="widget" data-widget_type="image.default">
				<div class="elementor-widget-container">
															<img decoding="async" src="https://courtepin.ch/wp-content/uploads/2024/07/20240723_RSL_portes_ouvertes_FR.png" title="" alt="" loading="lazy" />															</div>
				</div>
					</div>
		</div>
					</div>
		</section>
				</div>

<p>Depuis le 1er janvier 2009, les communes du district ont mis en place le Réseau de santé du district du Lac (RSL), qui rassemble dans une même structure tous les établissements médicosociaux du district, à savoir Meyriez-Morat, Courtepin, Chiètres, Jeuss et Sugiez, les services à domicile (Spitex), ainsi que le centre de puériculture. L&rsquo;association du home [&hellip;]</p>
