{"id":369,"date":"2022-03-06T00:26:44","date_gmt":"2022-03-05T23:26:44","guid":{"rendered":"https:\/\/courtepin.ch\/wordpress\/?page_id=369"},"modified":"2023-04-17T09:36:05","modified_gmt":"2023-04-17T07:36:05","slug":"energie","status":"publish","type":"page","link":"https:\/\/courtepin.ch\/de\/energie\/","title":{"rendered":"Energie"},"content":{"rendered":"\t\t<div data-elementor-type=\"wp-page\" data-elementor-id=\"369\" class=\"elementor elementor-369\" data-elementor-post-type=\"page\">\n\t\t\t\t\t\t<section class=\"elementor-section elementor-top-section elementor-element elementor-element-77ffade1 elementor-section-height-min-height elementor-section-items-top page-standard elementor-section-boxed elementor-section-height-default\" data-id=\"77ffade1\" data-element_type=\"section\" data-e-type=\"section\" data-settings=\"{&quot;jet_parallax_layout_list&quot;:[{&quot;jet_parallax_layout_image&quot;:{&quot;url&quot;:&quot;&quot;,&quot;id&quot;:&quot;&quot;,&quot;size&quot;:&quot;&quot;},&quot;_id&quot;:&quot;0ced1f6&quot;,&quot;jet_parallax_layout_image_widescreen&quot;:{&quot;url&quot;:&quot;&quot;,&quot;id&quot;:&quot;&quot;,&quot;size&quot;:&quot;&quot;},&quot;jet_parallax_layout_image_laptop&quot;:{&quot;url&quot;:&quot;&quot;,&quot;id&quot;:&quot;&quot;,&quot;size&quot;:&quot;&quot;},&quot;jet_parallax_layout_image_tablet&quot;:{&quot;url&quot;:&quot;&quot;,&quot;id&quot;:&quot;&quot;,&quot;size&quot;:&quot;&quot;},&quot;jet_parallax_layout_image_mobile&quot;:{&quot;url&quot;:&quot;&quot;,&quot;id&quot;:&quot;&quot;,&quot;size&quot;:&quot;&quot;},&quot;jet_parallax_layout_speed&quot;:{&quot;unit&quot;:&quot;%&quot;,&quot;size&quot;:50,&quot;sizes&quot;:[]},&quot;jet_parallax_layout_type&quot;:&quot;scroll&quot;,&quot;jet_parallax_layout_direction&quot;:&quot;1&quot;,&quot;jet_parallax_layout_fx_direction&quot;:null,&quot;jet_parallax_layout_z_index&quot;:&quot;&quot;,&quot;jet_parallax_layout_bg_x&quot;:50,&quot;jet_parallax_layout_bg_x_widescreen&quot;:&quot;&quot;,&quot;jet_parallax_layout_bg_x_laptop&quot;:&quot;&quot;,&quot;jet_parallax_layout_bg_x_tablet&quot;:&quot;&quot;,&quot;jet_parallax_layout_bg_x_mobile&quot;:&quot;&quot;,&quot;jet_parallax_layout_bg_y&quot;:50,&quot;jet_parallax_layout_bg_y_widescreen&quot;:&quot;&quot;,&quot;jet_parallax_layout_bg_y_laptop&quot;:&quot;&quot;,&quot;jet_parallax_layout_bg_y_tablet&quot;:&quot;&quot;,&quot;jet_parallax_layout_bg_y_mobile&quot;:&quot;&quot;,&quot;jet_parallax_layout_bg_size&quot;:&quot;auto&quot;,&quot;jet_parallax_layout_bg_size_widescreen&quot;:&quot;&quot;,&quot;jet_parallax_layout_bg_size_laptop&quot;:&quot;&quot;,&quot;jet_parallax_layout_bg_size_tablet&quot;:&quot;&quot;,&quot;jet_parallax_layout_bg_size_mobile&quot;:&quot;&quot;,&quot;jet_parallax_layout_animation_prop&quot;:&quot;transform&quot;,&quot;jet_parallax_layout_on&quot;:[&quot;desktop&quot;,&quot;tablet&quot;]}]}\">\n\t\t\t\t\t\t<div class=\"elementor-container elementor-column-gap-default\">\n\t\t\t\t\t<div class=\"elementor-column elementor-col-50 elementor-top-column elementor-element elementor-element-54f44db0\" data-id=\"54f44db0\" data-element_type=\"column\" data-e-type=\"column\">\n\t\t\t<div class=\"elementor-widget-wrap elementor-element-populated\">\n\t\t\t\t\t\t<div class=\"elementor-element elementor-element-6b1ad64 elementor-widget elementor-widget-text-editor\" data-id=\"6b1ad64\" data-element_type=\"widget\" data-e-type=\"widget\" data-widget_type=\"text-editor.default\">\n\t\t\t\t<div class=\"elementor-widget-container\">\n\t\t\t\t\t\t\t\t\t<p>Depuis cet \u00e9t\u00e9, le conseil f\u00e9d\u00e9ral a mis en garde la population sur la crise \u00e9nerg\u00e9tique et les cons\u00e9quences en relation qui pourraient avoir lieu pendant cet hiver. Il a lanc\u00e9 sa campagne de sensibilisation au mois de septembre.<\/p><p>Chacun \u00e0 son niveau pouvant mettre en \u0153uvre des solutions simples pour \u00e9conomiser de l\u2019\u00e9nergie, le conseil communal a pris quelques mesures dans ce sens dans les b\u00e2timents communaux\u00a0:<\/p>\t\t\t\t\t\t\t\t<\/div>\n\t\t\t\t<\/div>\n\t\t\t\t<div class=\"elementor-element elementor-element-f9b9ea8 elementor-widget elementor-widget-image\" data-id=\"f9b9ea8\" data-element_type=\"widget\" data-e-type=\"widget\" data-widget_type=\"image.default\">\n\t\t\t\t<div class=\"elementor-widget-container\">\n\t\t\t\t\t\t\t\t\t\t\t\t<figure class=\"wp-caption\">\n\t\t\t\t\t\t\t\t\t\t<img decoding=\"async\" width=\"207\" height=\"130\" src=\"https:\/\/courtepin.ch\/wp-content\/uploads\/2022\/10\/Energie_1.jpg\" class=\"attachment-large size-large wp-image-4344\" alt=\"\" srcset=\"https:\/\/courtepin.ch\/wp-content\/uploads\/2022\/10\/Energie_1.jpg 207w, https:\/\/courtepin.ch\/wp-content\/uploads\/2022\/10\/Energie_1-18x12.jpg 18w\" sizes=\"(max-width: 207px) 100vw, 207px\" \/>\t\t\t\t\t\t\t\t\t\t\t<figcaption class=\"widget-image-caption wp-caption-text\">La temp\u00e9rature des salles de gymnastique a \u00e9t\u00e9 abaiss\u00e9e et fix\u00e9e \u00e0 19 degr\u00e9s<\/figcaption>\n\t\t\t\t\t\t\t\t\t\t<\/figure>\n\t\t\t\t\t\t\t\t\t<\/div>\n\t\t\t\t<\/div>\n\t\t\t\t<div class=\"elementor-element elementor-element-4af2883 elementor-widget elementor-widget-image\" data-id=\"4af2883\" data-element_type=\"widget\" data-e-type=\"widget\" data-widget_type=\"image.default\">\n\t\t\t\t<div class=\"elementor-widget-container\">\n\t\t\t\t\t\t\t\t\t\t\t\t<figure class=\"wp-caption\">\n\t\t\t\t\t\t\t\t\t\t<img decoding=\"async\" width=\"228\" height=\"153\" src=\"https:\/\/courtepin.ch\/wp-content\/uploads\/2022\/10\/Energie_2.jpg\" class=\"attachment-large size-large wp-image-4345\" alt=\"\" srcset=\"https:\/\/courtepin.ch\/wp-content\/uploads\/2022\/10\/Energie_2.jpg 228w, https:\/\/courtepin.ch\/wp-content\/uploads\/2022\/10\/Energie_2-18x12.jpg 18w\" sizes=\"(max-width: 228px) 100vw, 228px\" \/>\t\t\t\t\t\t\t\t\t\t\t<figcaption class=\"widget-image-caption wp-caption-text\">L\u2019atelier de l\u2019\u00e9dilit\u00e9 est chauff\u00e9 \u00e0 10 degr\u00e9s et les radiateurs du reste du b\u00e2timent (bureau et vestiaire) chauffent au minimum<\/figcaption>\n\t\t\t\t\t\t\t\t\t\t<\/figure>\n\t\t\t\t\t\t\t\t\t<\/div>\n\t\t\t\t<\/div>\n\t\t\t\t<div class=\"elementor-element elementor-element-656858d elementor-widget elementor-widget-image\" data-id=\"656858d\" data-element_type=\"widget\" data-e-type=\"widget\" data-widget_type=\"image.default\">\n\t\t\t\t<div class=\"elementor-widget-container\">\n\t\t\t\t\t\t\t\t\t\t\t\t<figure class=\"wp-caption\">\n\t\t\t\t\t\t\t\t\t\t<img decoding=\"async\" width=\"291\" height=\"130\" src=\"https:\/\/courtepin.ch\/wp-content\/uploads\/2022\/10\/Energie_3.jpg\" class=\"attachment-large size-large wp-image-4346\" alt=\"\" srcset=\"https:\/\/courtepin.ch\/wp-content\/uploads\/2022\/10\/Energie_3.jpg 291w, https:\/\/courtepin.ch\/wp-content\/uploads\/2022\/10\/Energie_3-18x8.jpg 18w\" sizes=\"(max-width: 291px) 100vw, 291px\" \/>\t\t\t\t\t\t\t\t\t\t\t<figcaption class=\"widget-image-caption wp-caption-text\">Le personnel de nettoyage travaille jusqu\u2019\u00e0 20 heures maximum<\/figcaption>\n\t\t\t\t\t\t\t\t\t\t<\/figure>\n\t\t\t\t\t\t\t\t\t<\/div>\n\t\t\t\t<\/div>\n\t\t\t\t<div class=\"elementor-element elementor-element-d479695 elementor-widget elementor-widget-text-editor\" data-id=\"d479695\" data-element_type=\"widget\" data-e-type=\"widget\" data-widget_type=\"text-editor.default\">\n\t\t\t\t<div class=\"elementor-widget-container\">\n\t\t\t\t\t\t\t\t\t<p>Les projecteurs de la salle de spectacle de Festisport sont en LED<\/p><p>Il n\u2019y aura pas de d\u00e9corations \u00e9lectriques \u00e0 l\u2019administration communale \u00e0 No\u00ebl. Il a \u00e9t\u00e9 d\u00e9cid\u00e9 d\u2019annuler la traditionnelle route de No\u00ebl de Courtaman-Courtepin pour la remplacer par une soir\u00e9e le 1<sup>er<\/sup> d\u00e9cembre 2022 autour d\u2019un brasero et de vin chaud. Des informations compl\u00e9mentaires vous parviendront ult\u00e9rieurement.<\/p><p>Ces premi\u00e8res mesures sont un pas en direction de la r\u00e9duction du gaspillage de l\u2019\u00e9nergie. Le conseil communal encourage vivement les citoyennes et citoyens \u00e0 suivre les recommandations cantonales et f\u00e9d\u00e9rales sur ce th\u00e8me.<\/p>\t\t\t\t\t\t\t\t<\/div>\n\t\t\t\t<\/div>\n\t\t\t\t\t<\/div>\n\t\t<\/div>\n\t\t\t\t<div class=\"elementor-column elementor-col-50 elementor-top-column elementor-element elementor-element-696ba142\" data-id=\"696ba142\" data-element_type=\"column\" data-e-type=\"column\">\n\t\t\t<div class=\"elementor-widget-wrap elementor-element-populated\">\n\t\t\t\t\t\t<div class=\"elementor-element elementor-element-31f4aaf elementor-widget elementor-widget-heading\" data-id=\"31f4aaf\" data-element_type=\"widget\" data-e-type=\"widget\" data-widget_type=\"heading.default\">\n\t\t\t\t<div class=\"elementor-widget-container\">\n\t\t\t\t\t<h2 class=\"elementor-heading-title elementor-size-default\">Approvisionnement en \u00e9nergie et risques de p\u00e9nurie<\/h2>\t\t\t\t<\/div>\n\t\t\t\t<\/div>\n\t\t\t\t<div class=\"elementor-element elementor-element-0d4f3a9 elementor-widget elementor-widget-text-editor\" data-id=\"0d4f3a9\" data-element_type=\"widget\" data-e-type=\"widget\" data-widget_type=\"text-editor.default\">\n\t\t\t\t<div class=\"elementor-widget-container\">\n\t\t\t\t\t\t\t\t\t<p>Electricit\u00e9 et gaz pourraient manquer d\u00e8s cet hiver en raison de la crise en Ukraine, de la m\u00e9t\u00e9o et des difficult\u00e9s d\u2019importation de courant. Le canton de Fribourg soutient la campagne stop-gaspillage de la Conf\u00e9d\u00e9ration et encourage chacune et chacun \u00e0 prendre des mesures pour \u00e9conomiser l\u2019\u00e9nergie \u00e0 son niveau.<\/p>\t\t\t\t\t\t\t\t<\/div>\n\t\t\t\t<\/div>\n\t\t\t\t<div class=\"elementor-element elementor-element-edb4042 elementor-widget elementor-widget-ucaddon_acces_direct\" data-id=\"edb4042\" data-element_type=\"widget\" data-e-type=\"widget\" data-widget_type=\"ucaddon_acces_direct.default\">\n\t\t\t\t<div class=\"elementor-widget-container\">\n\t\t\t\t\t\n<!-- start Liens et Text encadr\u00e9 -->\n<style>\/* widget: Liens et Text encadr\u00e9 *\/\n\nz\n\n<\/style>\n\n<div class=\"item-wrap col-1\"><a class=\"item \" href=\"https:\/\/www.fr.ch\/energie-agriculture-et-environnement\/energie\/approvisionnement-en-energie-et-risques-de-penurie\" target=\"_blank\" rel=\"noopener\"> \n  <h3>Service de l&#039;environnement\n<\/h3>\n  <i class=\"icon-pdf far fa-file-pdf\"><\/i>\n  <i class=\"icon-xlsx far fa-file-excel\"><\/i>\n  <i class=\"icon-docx far fa-file-word\"><\/i>\n  <i class=\"icon-form fas fa-edit\"><\/i>\n  <i class=\"icon-extern fas fa-external-link-alt\"><\/i>\n<\/a>\n<\/div>\n<!-- end Liens et Text encadr\u00e9 -->\t\t\t\t<\/div>\n\t\t\t\t<\/div>\n\t\t\t\t<div class=\"elementor-element elementor-element-9ab9142 elementor-widget elementor-widget-text-editor\" data-id=\"9ab9142\" data-element_type=\"widget\" data-e-type=\"widget\" data-widget_type=\"text-editor.default\">\n\t\t\t\t<div class=\"elementor-widget-container\">\n\t\t\t\t\t\t\t\t\t<p>Informations concernant le risque de p\u00e9nurie \u00e9nerg\u00e9tique sur le site de <a href=\"https:\/\/www.groupe-e.ch\/fr\" target=\"_blank\" rel=\"noopener\">Groupe E<\/a><\/p>\t\t\t\t\t\t\t\t<\/div>\n\t\t\t\t<\/div>\n\t\t\t\t\t<\/div>\n\t\t<\/div>\n\t\t\t\t\t<\/div>\n\t\t<\/section>\n\t\t\t\t<\/div>\n\t\t","protected":false},"excerpt":{"rendered":"<p>Depuis cet \u00e9t\u00e9, le conseil f\u00e9d\u00e9ral a mis en garde la population sur la crise \u00e9nerg\u00e9tique et les cons\u00e9quences en relation qui pourraient avoir lieu pendant cet hiver. Il a lanc\u00e9 sa campagne de sensibilisation au mois de septembre. Chacun \u00e0 son niveau pouvant mettre en \u0153uvre des solutions simples pour \u00e9conomiser de l\u2019\u00e9nergie, le [&hellip;]<\/p>\n","protected":false},"author":2,"featured_media":0,"parent":0,"menu_order":0,"comment_status":"closed","ping_status":"closed","template":"","meta":{"_acf_changed":false},"class_list":["post-369","page","type-page","status-publish","hentry","domaine-environnement-constructions"],"acf":[],"publishpress_future_workflow_manual_trigger":{"enabledWorkflows":[]},"_links":{"self":[{"href":"https:\/\/courtepin.ch\/de\/wp-json\/wp\/v2\/pages\/369","targetHints":{"allow":["GET"]}}],"collection":[{"href":"https:\/\/courtepin.ch\/de\/wp-json\/wp\/v2\/pages"}],"about":[{"href":"https:\/\/courtepin.ch\/de\/wp-json\/wp\/v2\/types\/page"}],"author":[{"embeddable":true,"href":"https:\/\/courtepin.ch\/de\/wp-json\/wp\/v2\/users\/2"}],"replies":[{"embeddable":true,"href":"https:\/\/courtepin.ch\/de\/wp-json\/wp\/v2\/comments?post=369"}],"version-history":[{"count":16,"href":"https:\/\/courtepin.ch\/de\/wp-json\/wp\/v2\/pages\/369\/revisions"}],"predecessor-version":[{"id":5478,"href":"https:\/\/courtepin.ch\/de\/wp-json\/wp\/v2\/pages\/369\/revisions\/5478"}],"wp:attachment":[{"href":"https:\/\/courtepin.ch\/de\/wp-json\/wp\/v2\/media?parent=369"}],"curies":[{"name":"wp","href":"https:\/\/api.w.org\/{rel}","templated":true}]}}

<div data-elementor-type="wp-page" data-elementor-id="369" class="elementor elementor-369" data-elementor-post-type="page">
						<section class="elementor-section elementor-top-section elementor-element elementor-element-77ffade1 elementor-section-height-min-height elementor-section-items-top page-standard elementor-section-boxed elementor-section-height-default" data-id="77ffade1" data-element_type="section" data-e-type="section" data-settings="{&quot;jet_parallax_layout_list&quot;:[{&quot;jet_parallax_layout_image&quot;:{&quot;url&quot;:&quot;&quot;,&quot;id&quot;:&quot;&quot;,&quot;size&quot;:&quot;&quot;},&quot;_id&quot;:&quot;0ced1f6&quot;,&quot;jet_parallax_layout_image_widescreen&quot;:{&quot;url&quot;:&quot;&quot;,&quot;id&quot;:&quot;&quot;,&quot;size&quot;:&quot;&quot;},&quot;jet_parallax_layout_image_laptop&quot;:{&quot;url&quot;:&quot;&quot;,&quot;id&quot;:&quot;&quot;,&quot;size&quot;:&quot;&quot;},&quot;jet_parallax_layout_image_tablet&quot;:{&quot;url&quot;:&quot;&quot;,&quot;id&quot;:&quot;&quot;,&quot;size&quot;:&quot;&quot;},&quot;jet_parallax_layout_image_mobile&quot;:{&quot;url&quot;:&quot;&quot;,&quot;id&quot;:&quot;&quot;,&quot;size&quot;:&quot;&quot;},&quot;jet_parallax_layout_speed&quot;:{&quot;unit&quot;:&quot;%&quot;,&quot;size&quot;:50,&quot;sizes&quot;:[]},&quot;jet_parallax_layout_type&quot;:&quot;scroll&quot;,&quot;jet_parallax_layout_direction&quot;:&quot;1&quot;,&quot;jet_parallax_layout_fx_direction&quot;:null,&quot;jet_parallax_layout_z_index&quot;:&quot;&quot;,&quot;jet_parallax_layout_bg_x&quot;:50,&quot;jet_parallax_layout_bg_x_widescreen&quot;:&quot;&quot;,&quot;jet_parallax_layout_bg_x_laptop&quot;:&quot;&quot;,&quot;jet_parallax_layout_bg_x_tablet&quot;:&quot;&quot;,&quot;jet_parallax_layout_bg_x_mobile&quot;:&quot;&quot;,&quot;jet_parallax_layout_bg_y&quot;:50,&quot;jet_parallax_layout_bg_y_widescreen&quot;:&quot;&quot;,&quot;jet_parallax_layout_bg_y_laptop&quot;:&quot;&quot;,&quot;jet_parallax_layout_bg_y_tablet&quot;:&quot;&quot;,&quot;jet_parallax_layout_bg_y_mobile&quot;:&quot;&quot;,&quot;jet_parallax_layout_bg_size&quot;:&quot;auto&quot;,&quot;jet_parallax_layout_bg_size_widescreen&quot;:&quot;&quot;,&quot;jet_parallax_layout_bg_size_laptop&quot;:&quot;&quot;,&quot;jet_parallax_layout_bg_size_tablet&quot;:&quot;&quot;,&quot;jet_parallax_layout_bg_size_mobile&quot;:&quot;&quot;,&quot;jet_parallax_layout_animation_prop&quot;:&quot;transform&quot;,&quot;jet_parallax_layout_on&quot;:[&quot;desktop&quot;,&quot;tablet&quot;]}]}">
						<div class="elementor-container elementor-column-gap-default">
					<div class="elementor-column elementor-col-50 elementor-top-column elementor-element elementor-element-54f44db0" data-id="54f44db0" data-element_type="column" data-e-type="column">
			<div class="elementor-widget-wrap elementor-element-populated">
						<div class="elementor-element elementor-element-6b1ad64 elementor-widget elementor-widget-text-editor" data-id="6b1ad64" data-element_type="widget" data-e-type="widget" data-widget_type="text-editor.default">
				<div class="elementor-widget-container">
									<p>Depuis cet été, le conseil fédéral a mis en garde la population sur la crise énergétique et les conséquences en relation qui pourraient avoir lieu pendant cet hiver. Il a lancé sa campagne de sensibilisation au mois de septembre.</p><p>Chacun à son niveau pouvant mettre en œuvre des solutions simples pour économiser de l’énergie, le conseil communal a pris quelques mesures dans ce sens dans les bâtiments communaux :</p>								</div>
				</div>
				<div class="elementor-element elementor-element-f9b9ea8 elementor-widget elementor-widget-image" data-id="f9b9ea8" data-element_type="widget" data-e-type="widget" data-widget_type="image.default">
				<div class="elementor-widget-container">
												<figure class="wp-caption">
										<img decoding="async" width="207" height="130" src="https://courtepin.ch/wp-content/uploads/2022/10/Energie_1.jpg" class="attachment-large size-large wp-image-4344" alt="" srcset="https://courtepin.ch/wp-content/uploads/2022/10/Energie_1.jpg 207w, https://courtepin.ch/wp-content/uploads/2022/10/Energie_1-18x12.jpg 18w" sizes="(max-width: 207px) 100vw, 207px" />											<figcaption class="widget-image-caption wp-caption-text">La température des salles de gymnastique a été abaissée et fixée à 19 degrés</figcaption>
										</figure>
									</div>
				</div>
				<div class="elementor-element elementor-element-4af2883 elementor-widget elementor-widget-image" data-id="4af2883" data-element_type="widget" data-e-type="widget" data-widget_type="image.default">
				<div class="elementor-widget-container">
												<figure class="wp-caption">
										<img decoding="async" width="228" height="153" src="https://courtepin.ch/wp-content/uploads/2022/10/Energie_2.jpg" class="attachment-large size-large wp-image-4345" alt="" srcset="https://courtepin.ch/wp-content/uploads/2022/10/Energie_2.jpg 228w, https://courtepin.ch/wp-content/uploads/2022/10/Energie_2-18x12.jpg 18w" sizes="(max-width: 228px) 100vw, 228px" />											<figcaption class="widget-image-caption wp-caption-text">L’atelier de l’édilité est chauffé à 10 degrés et les radiateurs du reste du bâtiment (bureau et vestiaire) chauffent au minimum</figcaption>
										</figure>
									</div>
				</div>
				<div class="elementor-element elementor-element-656858d elementor-widget elementor-widget-image" data-id="656858d" data-element_type="widget" data-e-type="widget" data-widget_type="image.default">
				<div class="elementor-widget-container">
												<figure class="wp-caption">
										<img decoding="async" width="291" height="130" src="https://courtepin.ch/wp-content/uploads/2022/10/Energie_3.jpg" class="attachment-large size-large wp-image-4346" alt="" srcset="https://courtepin.ch/wp-content/uploads/2022/10/Energie_3.jpg 291w, https://courtepin.ch/wp-content/uploads/2022/10/Energie_3-18x8.jpg 18w" sizes="(max-width: 291px) 100vw, 291px" />											<figcaption class="widget-image-caption wp-caption-text">Le personnel de nettoyage travaille jusqu’à 20 heures maximum</figcaption>
										</figure>
									</div>
				</div>
				<div class="elementor-element elementor-element-d479695 elementor-widget elementor-widget-text-editor" data-id="d479695" data-element_type="widget" data-e-type="widget" data-widget_type="text-editor.default">
				<div class="elementor-widget-container">
									<p>Les projecteurs de la salle de spectacle de Festisport sont en LED</p><p>Il n’y aura pas de décorations électriques à l’administration communale à Noël. Il a été décidé d’annuler la traditionnelle route de Noël de Courtaman-Courtepin pour la remplacer par une soirée le 1<sup>er</sup> décembre 2022 autour d’un brasero et de vin chaud. Des informations complémentaires vous parviendront ultérieurement.</p><p>Ces premières mesures sont un pas en direction de la réduction du gaspillage de l’énergie. Le conseil communal encourage vivement les citoyennes et citoyens à suivre les recommandations cantonales et fédérales sur ce thème.</p>								</div>
				</div>
					</div>
		</div>
				<div class="elementor-column elementor-col-50 elementor-top-column elementor-element elementor-element-696ba142" data-id="696ba142" data-element_type="column" data-e-type="column">
			<div class="elementor-widget-wrap elementor-element-populated">
						<div class="elementor-element elementor-element-31f4aaf elementor-widget elementor-widget-heading" data-id="31f4aaf" data-element_type="widget" data-e-type="widget" data-widget_type="heading.default">
				<div class="elementor-widget-container">
					<h2 class="elementor-heading-title elementor-size-default">Approvisionnement en énergie et risques de pénurie</h2>				</div>
				</div>
				<div class="elementor-element elementor-element-0d4f3a9 elementor-widget elementor-widget-text-editor" data-id="0d4f3a9" data-element_type="widget" data-e-type="widget" data-widget_type="text-editor.default">
				<div class="elementor-widget-container">
									<p>Electricité et gaz pourraient manquer dès cet hiver en raison de la crise en Ukraine, de la météo et des difficultés d’importation de courant. Le canton de Fribourg soutient la campagne stop-gaspillage de la Confédération et encourage chacune et chacun à prendre des mesures pour économiser l’énergie à son niveau.</p>								</div>
				</div>
				<div class="elementor-element elementor-element-edb4042 elementor-widget elementor-widget-ucaddon_acces_direct" data-id="edb4042" data-element_type="widget" data-e-type="widget" data-widget_type="ucaddon_acces_direct.default">
				<div class="elementor-widget-container">
					
<!-- start Liens et Text encadré -->
<style>/* widget: Liens et Text encadré */

z

</style>

<div class="item-wrap col-1"><a class="item " href="https://www.fr.ch/energie-agriculture-et-environnement/energie/approvisionnement-en-energie-et-risques-de-penurie" target="_blank" rel="noopener"> 
  <h3>Service de l&#039;environnement
</h3>
  <i class="icon-pdf far fa-file-pdf"></i>
  <i class="icon-xlsx far fa-file-excel"></i>
  <i class="icon-docx far fa-file-word"></i>
  <i class="icon-form fas fa-edit"></i>
  <i class="icon-extern fas fa-external-link-alt"></i>
</a>
</div>
<!-- end Liens et Text encadré -->				</div>
				</div>
				<div class="elementor-element elementor-element-9ab9142 elementor-widget elementor-widget-text-editor" data-id="9ab9142" data-element_type="widget" data-e-type="widget" data-widget_type="text-editor.default">
				<div class="elementor-widget-container">
									<p>Informations concernant le risque de pénurie énergétique sur le site de <a href="https://www.groupe-e.ch/fr" target="_blank" rel="noopener">Groupe E</a></p>								</div>
				</div>
					</div>
		</div>
					</div>
		</section>
				</div>

<p>Depuis cet été, le conseil fédéral a mis en garde la population sur la crise énergétique et les conséquences en relation qui pourraient avoir lieu pendant cet hiver. Il a lancé sa campagne de sensibilisation au mois de septembre. Chacun à son niveau pouvant mettre en œuvre des solutions simples pour économiser de l’énergie, le [&hellip;]</p>
