{"id":375,"date":"2022-03-06T00:27:40","date_gmt":"2022-03-05T23:27:40","guid":{"rendered":"https:\/\/courtepin.ch\/wordpress\/?page_id=375"},"modified":"2025-07-03T13:37:59","modified_gmt":"2025-07-03T11:37:59","slug":"strasen-und-transport","status":"publish","type":"page","link":"https:\/\/courtepin.ch\/de\/routes-et-transport\/","title":{"rendered":"Strassen und Verkehr"},"content":{"rendered":"\t\t<div data-elementor-type=\"wp-page\" data-elementor-id=\"375\" class=\"elementor elementor-375\" data-elementor-post-type=\"page\">\n\t\t\t\t\t\t<section class=\"elementor-section elementor-top-section elementor-element elementor-element-a21e288 elementor-section-boxed elementor-section-height-default elementor-section-height-default\" data-id=\"a21e288\" data-element_type=\"section\" data-e-type=\"section\" data-settings=\"{&quot;jet_parallax_layout_list&quot;:[]}\">\n\t\t\t\t\t\t<div class=\"elementor-container elementor-column-gap-default\">\n\t\t\t\t\t<div class=\"elementor-column elementor-col-100 elementor-top-column elementor-element elementor-element-8a824b5\" data-id=\"8a824b5\" data-element_type=\"column\" data-e-type=\"column\">\n\t\t\t<div class=\"elementor-widget-wrap elementor-element-populated\">\n\t\t\t\t\t\t\t<\/div>\n\t\t<\/div>\n\t\t\t\t\t<\/div>\n\t\t<\/section>\n\t\t\t\t<section class=\"elementor-section elementor-top-section elementor-element elementor-element-2064b5b elementor-section-height-min-height elementor-section-items-top page-standard elementor-section-boxed elementor-section-height-default\" data-id=\"2064b5b\" data-element_type=\"section\" data-e-type=\"section\" data-settings=\"{&quot;jet_parallax_layout_list&quot;:[{&quot;jet_parallax_layout_image&quot;:{&quot;url&quot;:&quot;&quot;,&quot;id&quot;:&quot;&quot;,&quot;size&quot;:&quot;&quot;},&quot;_id&quot;:&quot;0ced1f6&quot;,&quot;jet_parallax_layout_image_widescreen&quot;:{&quot;url&quot;:&quot;&quot;,&quot;id&quot;:&quot;&quot;,&quot;size&quot;:&quot;&quot;},&quot;jet_parallax_layout_image_laptop&quot;:{&quot;url&quot;:&quot;&quot;,&quot;id&quot;:&quot;&quot;,&quot;size&quot;:&quot;&quot;},&quot;jet_parallax_layout_image_tablet&quot;:{&quot;url&quot;:&quot;&quot;,&quot;id&quot;:&quot;&quot;,&quot;size&quot;:&quot;&quot;},&quot;jet_parallax_layout_image_mobile&quot;:{&quot;url&quot;:&quot;&quot;,&quot;id&quot;:&quot;&quot;,&quot;size&quot;:&quot;&quot;},&quot;jet_parallax_layout_speed&quot;:{&quot;unit&quot;:&quot;%&quot;,&quot;size&quot;:50,&quot;sizes&quot;:[]},&quot;jet_parallax_layout_type&quot;:&quot;scroll&quot;,&quot;jet_parallax_layout_direction&quot;:&quot;1&quot;,&quot;jet_parallax_layout_fx_direction&quot;:null,&quot;jet_parallax_layout_z_index&quot;:&quot;&quot;,&quot;jet_parallax_layout_bg_x&quot;:50,&quot;jet_parallax_layout_bg_x_widescreen&quot;:&quot;&quot;,&quot;jet_parallax_layout_bg_x_laptop&quot;:&quot;&quot;,&quot;jet_parallax_layout_bg_x_tablet&quot;:&quot;&quot;,&quot;jet_parallax_layout_bg_x_mobile&quot;:&quot;&quot;,&quot;jet_parallax_layout_bg_y&quot;:50,&quot;jet_parallax_layout_bg_y_widescreen&quot;:&quot;&quot;,&quot;jet_parallax_layout_bg_y_laptop&quot;:&quot;&quot;,&quot;jet_parallax_layout_bg_y_tablet&quot;:&quot;&quot;,&quot;jet_parallax_layout_bg_y_mobile&quot;:&quot;&quot;,&quot;jet_parallax_layout_bg_size&quot;:&quot;auto&quot;,&quot;jet_parallax_layout_bg_size_widescreen&quot;:&quot;&quot;,&quot;jet_parallax_layout_bg_size_laptop&quot;:&quot;&quot;,&quot;jet_parallax_layout_bg_size_tablet&quot;:&quot;&quot;,&quot;jet_parallax_layout_bg_size_mobile&quot;:&quot;&quot;,&quot;jet_parallax_layout_animation_prop&quot;:&quot;transform&quot;,&quot;jet_parallax_layout_on&quot;:[&quot;desktop&quot;,&quot;tablet&quot;]}]}\">\n\t\t\t\t\t\t<div class=\"elementor-container elementor-column-gap-default\">\n\t\t\t\t\t<div class=\"elementor-column elementor-col-50 elementor-top-column elementor-element elementor-element-b05cfb4\" data-id=\"b05cfb4\" data-element_type=\"column\" data-e-type=\"column\">\n\t\t\t<div class=\"elementor-widget-wrap elementor-element-populated\">\n\t\t\t\t\t\t<div class=\"elementor-element elementor-element-224cf07 elementor-widget elementor-widget-heading\" data-id=\"224cf07\" data-element_type=\"widget\" data-e-type=\"widget\" data-widget_type=\"heading.default\">\n\t\t\t\t<div class=\"elementor-widget-container\">\n\t\t\t\t\t<h2 class=\"elementor-heading-title elementor-size-default\">R\u00e9sum\u00e9 de la situation des routes dans la commune<\/h2>\t\t\t\t<\/div>\n\t\t\t\t<\/div>\n\t\t\t\t<div class=\"elementor-element elementor-element-d77d627 elementor-widget elementor-widget-text-editor\" data-id=\"d77d627\" data-element_type=\"widget\" data-e-type=\"widget\" data-widget_type=\"text-editor.default\">\n\t\t\t\t<div class=\"elementor-widget-container\">\n\t\t\t\t\t\t\t\t\t<p>Chemins et routes communaux \u00ab\u00a0village\u00a0\u00bb : 41 km<\/p><p>Chemins et routes agricoles communaux : 25 km<\/p><p>Totalit\u00e9 des chemins et routes sur le territoire communal : 66 km<\/p><p><strong>Futures zones 30 km\/h<\/strong><\/p><p>Plusieurs zones 30 km\/h vont \u00eatre r\u00e9alis\u00e9es prochainement<\/p><p>Il s&rsquo;agit des zones suivantes :<\/p><ul><li>Pensier et Courtaman \u00e9cole\u00a0: permis de construire d\u00e9livr\u00e9. D\u00e9but des travaux en mai 2025.<\/li><li>Wallenried centre et Genevr\u00e9s : en attente du permis de construire<\/li><\/ul><p><strong>Confusion zone 30 km\/h et limitation de vitesse 30 km\/h<\/strong><\/p><p>Les zones 30 km\/h et les limitations de vitesse 30 km\/h sont souvent confondues :<\/p><ul><li>Les zones 30km\/h sont clairement d\u00e9finies par des panneaux \u00ab\u00a0Zone 30\u00a0\u00bb \u00e0 l\u2019entr\u00e9e et la sortie de chaque zone. Des obstacles (r\u00e9tr\u00e9cissement, dos-d\u2019\u00e2ne,\u2026) sont \u00e9galement pr\u00e9sents pour ralentir les v\u00e9hicules. Il n\u2019y a pas de passage pi\u00e9tons, ceux-ci traversent o\u00f9 ils souhaitent. La priorit\u00e9 de droite s\u2019applique.<\/li><li>La limitation de vitesse \u00e0 30km\/h est indiqu\u00e9e uniquement par des panneaux indicateurs de vitesse. Cette limitation prend fin \u00e0 chaque intersection, c\u2019est pour cela que des panneaux sont pos\u00e9s \u00e0 plusieurs endroits sur le tron\u00e7on (exemple\u00a0: route des Marais). Cette r\u00e9duction de vitesse a pour but de r\u00e9duire le bruit routier, c\u2019est pourquoi elle souvent associ\u00e9e \u00e0 la pose d\u2019un rev\u00eatement phono-absorbant.<\/li><\/ul><p><strong>Priorisation des routes<\/strong><\/p><p>Une analyse de l\u2019\u00e9tat des routes communales, y compris les chemins agricoles communaux, a \u00e9t\u00e9 r\u00e9alis\u00e9e afin de d\u00e9finir une planification pour les travaux de r\u00e9fection. Elles ont \u00e9t\u00e9 class\u00e9es en 3 groupes\u00a0:<\/p><ul><li>Priorit\u00e9 n\u00b01\u00a0: travaux \u00e0 r\u00e9aliser dans les 5 ans<\/li><li>Priorit\u00e9 n\u00b02\u00a0: travaux \u00e0 r\u00e9aliser dans les 5 \u00e0 15 ans<\/li><li>Priorit\u00e9 n\u00b03\u00a0: travaux \u00e0 r\u00e9aliser dans 15 ans ou plus<\/li><\/ul>\t\t\t\t\t\t\t\t<\/div>\n\t\t\t\t<\/div>\n\t\t\t\t<div class=\"elementor-element elementor-element-20b9d51 elementor-widget elementor-widget-heading\" data-id=\"20b9d51\" data-element_type=\"widget\" data-e-type=\"widget\" data-widget_type=\"heading.default\">\n\t\t\t\t<div class=\"elementor-widget-container\">\n\t\t\t\t\t<h2 class=\"elementor-heading-title elementor-size-default\">Guide v\u00e9lo<\/h2>\t\t\t\t<\/div>\n\t\t\t\t<\/div>\n\t\t\t\t<div class=\"elementor-element elementor-element-b14b115 elementor-widget elementor-widget-text-editor\" data-id=\"b14b115\" data-element_type=\"widget\" data-e-type=\"widget\" data-widget_type=\"text-editor.default\">\n\t\t\t\t<div class=\"elementor-widget-container\">\n\t\t\t\t\t\t\t\t\t<p>Les infrastructures routi\u00e8res et les transports jouent un r\u00f4le essentiel dans les d\u00e9placements quotidiens. En parall\u00e8le, des efforts sont men\u00e9s pour encourager des alternatives durables, comme la mobilit\u00e9 douce.<\/p><p><a href=\"https:\/\/www.guide-velo.ch\/f?utm_source=newsletter&amp;utm_medium=email&amp;utm_term=2025-07-03&amp;utm_campaign=Mobilit%C3%A9+dans+la+planification+des+sites\" target=\"_blank\" rel=\"noopener\">Guide v\u00e9lo &#8211; Mesures de promotion du v\u00e9lo<\/a><\/p>\t\t\t\t\t\t\t\t<\/div>\n\t\t\t\t<\/div>\n\t\t\t\t\t<\/div>\n\t\t<\/div>\n\t\t\t\t<div class=\"elementor-column elementor-col-50 elementor-top-column elementor-element elementor-element-9a6a37c\" data-id=\"9a6a37c\" data-element_type=\"column\" data-e-type=\"column\">\n\t\t\t<div class=\"elementor-widget-wrap\">\n\t\t\t\t\t\t\t<\/div>\n\t\t<\/div>\n\t\t\t\t\t<\/div>\n\t\t<\/section>\n\t\t\t\t<\/div>\n\t\t","protected":false},"excerpt":{"rendered":"<p>R\u00e9sum\u00e9 de la situation des routes dans la commune Chemins et routes communaux \u00ab\u00a0village\u00a0\u00bb : 41 km Chemins et routes agricoles communaux : 25 km Totalit\u00e9 des chemins et routes sur le territoire communal : 66 km Futures zones 30 km\/h Plusieurs zones 30 km\/h vont \u00eatre r\u00e9alis\u00e9es prochainement Il s&rsquo;agit des zones suivantes : [&hellip;]<\/p>\n","protected":false},"author":2,"featured_media":0,"parent":0,"menu_order":0,"comment_status":"closed","ping_status":"closed","template":"","meta":{"_acf_changed":false},"class_list":["post-375","page","type-page","status-publish","hentry","domaine-environnement-constructions"],"acf":[],"publishpress_future_workflow_manual_trigger":{"enabledWorkflows":[]},"_links":{"self":[{"href":"https:\/\/courtepin.ch\/de\/wp-json\/wp\/v2\/pages\/375","targetHints":{"allow":["GET"]}}],"collection":[{"href":"https:\/\/courtepin.ch\/de\/wp-json\/wp\/v2\/pages"}],"about":[{"href":"https:\/\/courtepin.ch\/de\/wp-json\/wp\/v2\/types\/page"}],"author":[{"embeddable":true,"href":"https:\/\/courtepin.ch\/de\/wp-json\/wp\/v2\/users\/2"}],"replies":[{"embeddable":true,"href":"https:\/\/courtepin.ch\/de\/wp-json\/wp\/v2\/comments?post=375"}],"version-history":[{"count":31,"href":"https:\/\/courtepin.ch\/de\/wp-json\/wp\/v2\/pages\/375\/revisions"}],"predecessor-version":[{"id":11641,"href":"https:\/\/courtepin.ch\/de\/wp-json\/wp\/v2\/pages\/375\/revisions\/11641"}],"wp:attachment":[{"href":"https:\/\/courtepin.ch\/de\/wp-json\/wp\/v2\/media?parent=375"}],"curies":[{"name":"wp","href":"https:\/\/api.w.org\/{rel}","templated":true}]}}

<div data-elementor-type="wp-page" data-elementor-id="375" class="elementor elementor-375" data-elementor-post-type="page">
						<section class="elementor-section elementor-top-section elementor-element elementor-element-a21e288 elementor-section-boxed elementor-section-height-default elementor-section-height-default" data-id="a21e288" data-element_type="section" data-e-type="section" data-settings="{&quot;jet_parallax_layout_list&quot;:[]}">
						<div class="elementor-container elementor-column-gap-default">
					<div class="elementor-column elementor-col-100 elementor-top-column elementor-element elementor-element-8a824b5" data-id="8a824b5" data-element_type="column" data-e-type="column">
			<div class="elementor-widget-wrap elementor-element-populated">
							</div>
		</div>
					</div>
		</section>
				<section class="elementor-section elementor-top-section elementor-element elementor-element-2064b5b elementor-section-height-min-height elementor-section-items-top page-standard elementor-section-boxed elementor-section-height-default" data-id="2064b5b" data-element_type="section" data-e-type="section" data-settings="{&quot;jet_parallax_layout_list&quot;:[{&quot;jet_parallax_layout_image&quot;:{&quot;url&quot;:&quot;&quot;,&quot;id&quot;:&quot;&quot;,&quot;size&quot;:&quot;&quot;},&quot;_id&quot;:&quot;0ced1f6&quot;,&quot;jet_parallax_layout_image_widescreen&quot;:{&quot;url&quot;:&quot;&quot;,&quot;id&quot;:&quot;&quot;,&quot;size&quot;:&quot;&quot;},&quot;jet_parallax_layout_image_laptop&quot;:{&quot;url&quot;:&quot;&quot;,&quot;id&quot;:&quot;&quot;,&quot;size&quot;:&quot;&quot;},&quot;jet_parallax_layout_image_tablet&quot;:{&quot;url&quot;:&quot;&quot;,&quot;id&quot;:&quot;&quot;,&quot;size&quot;:&quot;&quot;},&quot;jet_parallax_layout_image_mobile&quot;:{&quot;url&quot;:&quot;&quot;,&quot;id&quot;:&quot;&quot;,&quot;size&quot;:&quot;&quot;},&quot;jet_parallax_layout_speed&quot;:{&quot;unit&quot;:&quot;%&quot;,&quot;size&quot;:50,&quot;sizes&quot;:[]},&quot;jet_parallax_layout_type&quot;:&quot;scroll&quot;,&quot;jet_parallax_layout_direction&quot;:&quot;1&quot;,&quot;jet_parallax_layout_fx_direction&quot;:null,&quot;jet_parallax_layout_z_index&quot;:&quot;&quot;,&quot;jet_parallax_layout_bg_x&quot;:50,&quot;jet_parallax_layout_bg_x_widescreen&quot;:&quot;&quot;,&quot;jet_parallax_layout_bg_x_laptop&quot;:&quot;&quot;,&quot;jet_parallax_layout_bg_x_tablet&quot;:&quot;&quot;,&quot;jet_parallax_layout_bg_x_mobile&quot;:&quot;&quot;,&quot;jet_parallax_layout_bg_y&quot;:50,&quot;jet_parallax_layout_bg_y_widescreen&quot;:&quot;&quot;,&quot;jet_parallax_layout_bg_y_laptop&quot;:&quot;&quot;,&quot;jet_parallax_layout_bg_y_tablet&quot;:&quot;&quot;,&quot;jet_parallax_layout_bg_y_mobile&quot;:&quot;&quot;,&quot;jet_parallax_layout_bg_size&quot;:&quot;auto&quot;,&quot;jet_parallax_layout_bg_size_widescreen&quot;:&quot;&quot;,&quot;jet_parallax_layout_bg_size_laptop&quot;:&quot;&quot;,&quot;jet_parallax_layout_bg_size_tablet&quot;:&quot;&quot;,&quot;jet_parallax_layout_bg_size_mobile&quot;:&quot;&quot;,&quot;jet_parallax_layout_animation_prop&quot;:&quot;transform&quot;,&quot;jet_parallax_layout_on&quot;:[&quot;desktop&quot;,&quot;tablet&quot;]}]}">
						<div class="elementor-container elementor-column-gap-default">
					<div class="elementor-column elementor-col-50 elementor-top-column elementor-element elementor-element-b05cfb4" data-id="b05cfb4" data-element_type="column" data-e-type="column">
			<div class="elementor-widget-wrap elementor-element-populated">
						<div class="elementor-element elementor-element-224cf07 elementor-widget elementor-widget-heading" data-id="224cf07" data-element_type="widget" data-e-type="widget" data-widget_type="heading.default">
				<div class="elementor-widget-container">
					<h2 class="elementor-heading-title elementor-size-default">Résumé de la situation des routes dans la commune</h2>				</div>
				</div>
				<div class="elementor-element elementor-element-d77d627 elementor-widget elementor-widget-text-editor" data-id="d77d627" data-element_type="widget" data-e-type="widget" data-widget_type="text-editor.default">
				<div class="elementor-widget-container">
									<p>Chemins et routes communaux « village » : 41 km</p><p>Chemins et routes agricoles communaux : 25 km</p><p>Totalité des chemins et routes sur le territoire communal : 66 km</p><p><strong>Futures zones 30 km/h</strong></p><p>Plusieurs zones 30 km/h vont être réalisées prochainement</p><p>Il s&rsquo;agit des zones suivantes :</p><ul><li>Pensier et Courtaman école : permis de construire délivré. Début des travaux en mai 2025.</li><li>Wallenried centre et Genevrés : en attente du permis de construire</li></ul><p><strong>Confusion zone 30 km/h et limitation de vitesse 30 km/h</strong></p><p>Les zones 30 km/h et les limitations de vitesse 30 km/h sont souvent confondues :</p><ul><li>Les zones 30km/h sont clairement définies par des panneaux « Zone 30 » à l’entrée et la sortie de chaque zone. Des obstacles (rétrécissement, dos-d’âne,…) sont également présents pour ralentir les véhicules. Il n’y a pas de passage piétons, ceux-ci traversent où ils souhaitent. La priorité de droite s’applique.</li><li>La limitation de vitesse à 30km/h est indiquée uniquement par des panneaux indicateurs de vitesse. Cette limitation prend fin à chaque intersection, c’est pour cela que des panneaux sont posés à plusieurs endroits sur le tronçon (exemple : route des Marais). Cette réduction de vitesse a pour but de réduire le bruit routier, c’est pourquoi elle souvent associée à la pose d’un revêtement phono-absorbant.</li></ul><p><strong>Priorisation des routes</strong></p><p>Une analyse de l’état des routes communales, y compris les chemins agricoles communaux, a été réalisée afin de définir une planification pour les travaux de réfection. Elles ont été classées en 3 groupes :</p><ul><li>Priorité n°1 : travaux à réaliser dans les 5 ans</li><li>Priorité n°2 : travaux à réaliser dans les 5 à 15 ans</li><li>Priorité n°3 : travaux à réaliser dans 15 ans ou plus</li></ul>								</div>
				</div>
				<div class="elementor-element elementor-element-20b9d51 elementor-widget elementor-widget-heading" data-id="20b9d51" data-element_type="widget" data-e-type="widget" data-widget_type="heading.default">
				<div class="elementor-widget-container">
					<h2 class="elementor-heading-title elementor-size-default">Guide vélo</h2>				</div>
				</div>
				<div class="elementor-element elementor-element-b14b115 elementor-widget elementor-widget-text-editor" data-id="b14b115" data-element_type="widget" data-e-type="widget" data-widget_type="text-editor.default">
				<div class="elementor-widget-container">
									<p>Les infrastructures routières et les transports jouent un rôle essentiel dans les déplacements quotidiens. En parallèle, des efforts sont menés pour encourager des alternatives durables, comme la mobilité douce.</p><p><a href="https://www.guide-velo.ch/f?utm_source=newsletter&amp;utm_medium=email&amp;utm_term=2025-07-03&amp;utm_campaign=Mobilit%C3%A9+dans+la+planification+des+sites" target="_blank" rel="noopener">Guide vélo &#8211; Mesures de promotion du vélo</a></p>								</div>
				</div>
					</div>
		</div>
				<div class="elementor-column elementor-col-50 elementor-top-column elementor-element elementor-element-9a6a37c" data-id="9a6a37c" data-element_type="column" data-e-type="column">
			<div class="elementor-widget-wrap">
							</div>
		</div>
					</div>
		</section>
				</div>

<p>Résumé de la situation des routes dans la commune Chemins et routes communaux « village » : 41 km Chemins et routes agricoles communaux : 25 km Totalité des chemins et routes sur le territoire communal : 66 km Futures zones 30 km/h Plusieurs zones 30 km/h vont être réalisées prochainement Il s&rsquo;agit des zones suivantes : [&hellip;]</p>
